7
Let v(r) = -13 + 5 - 98*r + 89*r. What is v(-2)?
10
Let p be 11 + -10 + (1 - -1). Suppose p*f = -2*v + 2*f - 4, -16 = -3*v + 4*f. Let z(g) = -g**3 + v*g**3 - g + g + 2*g. Give z(2).
-4
Let k(o) = -o**2 - 11*o + 13. Let m(g) = -13*g - 84. Let y be m(-7). Suppose 3*q + 90 = -y*q. Give k(q).
31
Let c(z) = -z**3 - 7*z**2 + 2*z + 8. Let y = 341 + -348. What is c(y)?
-6
Let n(z) = -z**2 + 8*z - 7. Let f(d) = -63*d + 701. Let h be f(11). Determine n(h).
-7
Let v(q) = -5*q**2 + 2*q - 1. Suppose 0 = -3*d, 5 = b - 4*d + 4. Determine v(b).
-4
Suppose 4*n = -5*s - 57, -7*n + 4*n + s - 57 = 0. Let a = 14 + n. Let x be (-1)/(-1)*(a - -6). Let k(d) = 3*d**2 - 2. Give k(x).
10
Let m(c) = -2*c - 6*c + 4*c - 39 - 4*c. Let r be m(-4). Let b(j) = j - 6. Determine b(r).
-13
Let k(d) = -2*d - 1. Let c(b) = -2*b**3 + 52*b**2 + 53*b + 26. Let o be c(27). Calculate k(o).
1
Let o(c) = -6*c + 3*c - 2*c. Let n(f) = 5*f + 61. Let h be n(-12). Calculate o(h).
-5
Let o(r) = 15 + r**3 + 15 + 5*r + 6*r**2 - 3*r**3 + 17 - 54. What is o(3)?
8
Let q(u) be the second derivative of -u**4/6 + 7*u**3/6 - 2*u**2 + 15*u + 3. Let b be (3 - 0)*(-8)/(-6). What is q(b)?
-8
Let t(q) = q**2 - 11*q - 5. Suppose -100*p + 60 = -95*p. Calculate t(p).
7
Let g(c) = 1. Let m(j) = -j**2 + j - 21. Let o(l) = -4*g(l) - m(l). Suppose 5*d - 2*y - 2*y - 16 = 0, -2*d = -y - 4. What is o(d)?
17
Let g = 143 - 150. Let h be (12 - 1) + 4 + g. Let f(j) = j**2 - 8*j + 5. What is f(h)?
5
Suppose -288 = -213*l + 177*l. Let u(h) = -5*h + 11. Give u(l).
-29
Let j be 6/4 - 124/8. Let m = -20 - j. Let z(q) = 9*q**3 + q**2 - q + 6. Let n(l) = -8*l**3 - l**2 + l - 5. Let f(o) = m*n(o) - 5*z(o). What is f(1)?
3
Suppose 40*y - 18*y = 66. Let r(v) be the first derivative of -1 - v**2 + 2/3*v**3 + 4*v. What is r(y)?
16
Let z(q) = q**3 - 5*q**2 - 4*q + 1. Let d(p) = -6*p + 29. Let o be d(4). Let g be (-13 + o)*3/(-4). Determine z(g).
13
Let x(u) = -179*u + 361*u - 178*u + u**2 - 1. Give x(-3).
-4
Let h(b) be the third derivative of b**8/6720 + b**7/420 + b**6/360 - b**5/24 + 3*b**4/4 + 12*b**2. Let g(f) be the second derivative of h(f). Give g(-4).
19
Let l(r) = -2*r**2 + 2*r. Let x be l(-2). Let b = 21 + x. Let s(w) = -w**3 + 8*w**2 + 9*w - 9. What is s(b)?
-9
Let u(s) be the first derivative of -3*s**4/4 - 2*s**3/3 + 5*s**2/2 + 7*s + 6. Let x(a) = a**3 - a**2. Let d(z) = u(z) + 2*x(z). Calculate d(-5).
7
Let n(y) = -y**2 - 3*y + 0 + 2*y + 1. Suppose 55 = 3*w - t, 5*w - 2*t = -0*w + 90. Let j be 36/w + (-8)/10. Calculate n(j).
-1
Suppose 361 + 152 = -57*b. Let t(d) = -d**3 - 8*d**2 + 13*d - 10. Let i(y) = 3*y**3 + 24*y**2 - 38*y + 30. Let x(s) = -4*i(s) - 11*t(s). Give x(b).
-10
Let s(t) = t**2 - 7*t + 8. Let p be s(6). Suppose 3*v - p*u = -1, -4*v + 2*u + 5 = -7*v. Let n be -2 + -1*(v + 2). Let b(f) = -f**2 - 4*f - 2. Determine b(n).
1
Let q(k) = -14*k**2 - 5*k - 4. Let w(n) = 31*n**2 + 11*n + 9. Let h(s) = -13*q(s) - 6*w(s). Give h(-2).
-16
Let n(q) be the second derivative of -q**5/10 - q**4/6 + 2*q**3/3 - q**2 - 14*q. What is n(2)?
-18
Let o(p) = -p**3 - 7*p**2 - 6*p - 4. Let z be 1/4 + 910/104. Suppose -24 = -z*k + 13*k. What is o(k)?
-4
Let z(g) be the second derivative of -13*g**3/6 + 18*g**2 - 448*g. Calculate z(3).
-3
Let z(q) be the second derivative of -q**8/6720 + q**7/630 + q**6/180 - q**5/24 - 4*q**4/3 + 3*q. Let o(m) be the third derivative of z(m). Determine o(4).
11
Suppose -19*y - 249 = -211. Let a(w) = -2*w + 5*w - 3 - 5*w. What is a(y)?
1
Suppose 90*v = 125*v - 140. Suppose 4*x + 3*o = 2*x + 10, 16 = 3*x + 5*o. Let r(c) = -c - 8*c + 7*c + c**x. Determine r(v).
8
Let n(f) = f**2 - 7*f + 9. Suppose -4*k = -3*k - 4*q - 81, -4*k = -2*q - 296. Let r = k - 67. Determine n(r).
3
Suppose -12 = 2*j + 3*m, 0*j + 2*j - 12 = 3*m. Let u(o) = -o**3 + o**2 - 18. Give u(j).
-18
Let t(g) be the third derivative of -1/24*g**4 + 0*g + 37*g**2 + 0 - 1/6*g**3. Calculate t(4).
-5
Let p(c) = -c**2 - 2. Let l be (8/4 - -1) + -1. Suppose i + l*r = -3, 6*r - 2*r = 4*i + 24. Determine p(i).
-27
Let f(x) be the second derivative of -1/2*x**3 + 1/12*x**4 + 0 - 3/2*x**2 - 8*x. Let n be ((-9)/(-6))/(6/16). Calculate f(n).
1
Let a(n) = -n**2 - 5*n + 5. Let m be (0 - (-2 + 3))*10. Let l be m/15*(-27)/6. Suppose x = l*x - 5*y + 18, -16 = 5*x + 2*y. What is a(x)?
9
Suppose 0*y = -5*y - 25. Let v(r) = 3*r**2 - r + 18. Let h(q) = 2*q**2 + 12. Let c(s) = 8*h(s) - 5*v(s). What is c(y)?
6
Let w(r) = 37*r - 11*r - 22*r. Calculate w(4).
16
Let c(h) = -h**3 - 4104 - 5*h**2 + 8208 - 4105 - 4*h. What is c(-3)?
-7
Let u(c) = c**3 - c**2 - 3*c - 1. Let f(l) be the third derivative of l**4/8 + 31*l**3/6 - 34*l**2. Let d be f(-11). Determine u(d).
-7
Suppose -16 = -4*o - n, -2*o = -10*n + 14*n - 22. Let f(c) = c**3 - 3*c**2 + 2*c + 2. Give f(o).
8
Let o(b) be the third derivative of b**5/60 + b**4/6 - b**3/6 - 2*b**2. Let c be ((-21)/(-14))/(-1 + 2/4). Determine o(c).
-4
Suppose -o = -3*o - h - 14, -o - 3*h = 12. Let d(z) be the second derivative of z**3/6 + 5*z**2/2 - z. Calculate d(o).
-1
Let n(c) = 10 + c**3 - 10 + 0*c**2 - c - 3*c**2. Let q = -54 - -60. Suppose -3*l - q*j = -j - 22, -l = 3*j - 10. Determine n(l).
12
Let k(m) = 3*m + 3. Let t = 16 - 15. Let a be (-4)/((-1)/(t/(-2))). Determine k(a).
-3
Let j = 4 - -1. Suppose -j*f + 6 = -2*f. Let d(y) = y**2 - 4*y + 3. Let t be d(f). Let k(h) = 13*h**2 - 1. Calculate k(t).
12
Suppose 0 = 30*q - 109 - 71. Let r(o) = -10*o + 6. Calculate r(q).
-54
Let h(x) = -5*x - 8. Let d(l) = -4*l - 5. Let j(s) = 4*d(s) - 3*h(s). Determine j(-4).
8
Let h(a) = -3*a**3 - 4*a**2 - 4*a + 2. Let y(c) = 5*c**3 + 7*c**2 + 7*c - 3. Let d(p) = 6*p**2 - p. Let r be d(-1). Let g(o) = r*h(o) + 4*y(o). Give g(0).
2
Suppose -3*s + 33 + 6 = 0. Let i(w) = s*w**2 - 4 + w**3 - 2*w**2 + 5*w - 5*w**2. Determine i(-5).
-4
Let j(o) = -o - 1. Let v(l) = -12*l - 6. Let k(m) = 15*j(m) - v(m). Suppose 28 = -4*c - 8. Let h be c + 4 + -2 + 1. Give k(h).
9
Let l(w) = -8199*w + w**3 + 0 + 7*w**2 + 8202*w + 1 - 5. Suppose -2*y = -6*y + 12. Suppose -4*u + 2*d = 24, -u - y*d - 6 = -0*u. Determine l(u).
14
Let l(o) be the first derivative of 3*o**2/2 + 2*o - 96. What is l(-2)?
-4
Let h(r) = 5*r + 3. Suppose 0 = -0*j - 3*j. Suppose 5*f + 27 - 7 = j. What is h(f)?
-17
Suppose -1 = m + 12. Let k be 0/(2 + 0) + -10. Let j = m - k. Let p(h) = -h**2 + h - 2. Calculate p(j).
-14
Let h(z) be the second derivative of 0 - 2*z**2 - z**3 + 1/12*z**4 + 31*z. Let f(i) = -4*i + 1. Let g be f(-1). What is h(g)?
-9
Let r(v) = 0*v - 2*v + 1 + 7*v. Suppose 0*p - 4*p - 8 = 0. Let y be (p/3)/(28/(-42)). Determine r(y).
6
Let o be (0 - 0)/(-7 - -5). Let z(j) = -j + 16*j**2 - 7 - 35*j**2 + 18*j**2. Calculate z(o).
-7
Let h(l) = -3*l + 35. Let q be h(-5). Let b = q - 49. Let g(u) = 3*u + 10. Let s(i) = i + 3. Let o(r) = -2*g(r) + 7*s(r). Calculate o(b).
2
Let n(c) = -c**2 - 6*c - 2. Suppose 25 = -3*v + 2*f, 4*v - 5*f = 2*v - 35. Let u be n(v). Let h(a) be the first derivative of -a**2/2 - 1847. What is h(u)?
-3
Let a be (-2)/3 + 34/6. Let g = 46 + -44. Let f(x) = -4*x**g + x + 4 + 2*x**3 - x**3 - 8*x. Calculate f(a).
-6
Suppose 4*s - 4 = 2*q - 38, 0 = 5*s + 25. Let x = q - 8. Let g(t) = 9*t**2 - 12*t - 4*t**2 + 12*t. Determine g(x).
5
Let y(n) = -n**2 - 8*n - 10. Suppose 5*k - 5*c = 5, -3*c + 10 = -5*k - c. Give y(k).
6
Suppose -65 = -300*r + 305*r. Let m(d) = d**3 + 12*d**2 - 13*d - 9. What is m(r)?
-9
Let q(u) = -3*u**2 + 62*u + 31. Let r(z) = -z**2 + 22*z + 10. Let c(x) = 3*q(x) - 8*r(x). Determine c(11).
2
Let i(g) = 19 - 60 + 36 + 2*g**2 - 8*g. What is i(6)?
19
Let h(a) = 19*a + 30. Let i(x) = 6*x + 7. Let r(l) = h(l) - 3*i(l). Let y(c) = -c - 3 + c**2 - 4 + 0*c. Let o be y(0). What is r(o)?
2
Let x(n) be the third derivative of n**6/120 - 2*n**5/15 - 3*n**3/2 + 208*n**2. Determine x(7).
-58
Let t = 1551 - 6203/4. Let p(o) be the first derivative of -t*o**4 + 9 + 0*o - 1/3*o**3 + 1/2*o**2. Give p(1).
-1
Let n(a) be the first derivative of a**2/2 - 5*a - 2. Let b = 2679 + -2673. Give n(b).
1
Let f = -6 + 10. Let p be (f/(-10))/(4/(-20)). Suppose o - 2*o - 5 = -p*s, 2*o + 9 = 3*s. Let z(x) = 2*x - 1. Determine z(o).
-7
Let l(q) be the first derivative of -3*q**3 - q - 92. Determine l(1).
-10
Let m(j) = -j + 19. Suppose 6*c + 165 + 39 = 0. Let q = 34 + c. What 